{"id":334,"date":"2024-03-21T20:22:20","date_gmt":"2024-03-21T19:22:20","guid":{"rendered":"https:\/\/roxrenov.com\/?page_id=334"},"modified":"2024-04-29T19:16:57","modified_gmt":"2024-04-29T17:16:57","slug":"contact","status":"publish","type":"page","link":"https:\/\/roxrenov.com\/index.php\/contact\/","title":{"rendered":"Contact"},"content":{"rendered":"\t\t<div data-elementor-type=\"wp-page\" data-elementor-id=\"334\" class=\"elementor elementor-334\" data-elementor-post-type=\"page\">\n\t\t\t\t<div class=\"elementor-element elementor-element-432f01ff e-con-full e-flex e-con e-parent\" data-id=\"432f01ff\" data-element_type=\"container\" data-e-type=\"container\" data-settings=\"{&quot;background_background&quot;:&quot;classic&quot;}\">\n\t\t<div class=\"elementor-element elementor-element-14f739d5 e-con-full e-flex e-con e-child\" data-id=\"14f739d5\" data-element_type=\"container\" data-e-type=\"container\" data-settings=\"{&quot;background_background&quot;:&quot;slideshow&quot;,&quot;background_slideshow_gallery&quot;:[{&quot;id&quot;:243,&quot;url&quot;:&quot;https:\\\/\\\/roxrenov.com\\\/wp-content\\\/uploads\\\/2024\\\/03\\\/3-1.png&quot;},{&quot;id&quot;:895,&quot;url&quot;:&quot;https:\\\/\\\/roxrenov.com\\\/wp-content\\\/uploads\\\/2024\\\/04\\\/FRESQUE-PERSONNALISER-2-2-eme-pages-nos-prestations-scaled.jpg&quot;}],&quot;background_slideshow_loop&quot;:&quot;yes&quot;,&quot;background_slideshow_slide_duration&quot;:5000,&quot;background_slideshow_slide_transition&quot;:&quot;fade&quot;,&quot;background_slideshow_transition_duration&quot;:500}\">\n\t\t\t\t<div class=\"elementor-element elementor-element-790611f0 elementor-widget elementor-widget-heading\" data-id=\"790611f0\" data-element_type=\"widget\" data-e-type=\"widget\" data-widget_type=\"heading.default\">\n\t\t\t\t<div class=\"elementor-widget-container\">\n\t\t\t\t\t<h1 class=\"elementor-heading-title elementor-size-default\">Contactez Roxrenov<\/h1>\t\t\t\t<\/div>\n\t\t\t\t<\/div>\n\t\t\t\t<div class=\"elementor-element elementor-element-b1d85f7 elementor-widget elementor-widget-heading\" data-id=\"b1d85f7\" data-element_type=\"widget\" data-e-type=\"widget\" data-widget_type=\"heading.default\">\n\t\t\t\t<div class=\"elementor-widget-container\">\n\t\t\t\t\t<p class=\"elementor-heading-title elementor-size-default\">Pour plus d\u2019informations sur nos services et un devis gratuit, n\u2019h\u00e9sitez pas \u00e0 nous contacter.<\/p>\t\t\t\t<\/div>\n\t\t\t\t<\/div>\n\t\t\t\t<\/div>\n\t\t<div class=\"elementor-element elementor-element-23b25a9d e-con-full e-flex e-con e-child\" data-id=\"23b25a9d\" data-element_type=\"container\" data-e-type=\"container\">\n\t\t\t\t<div class=\"elementor-element elementor-element-1c64cef4 elementor-button-align-start elementor-tablet-button-align-center elementor-invisible elementor-widget elementor-widget-form\" data-id=\"1c64cef4\" data-element_type=\"widget\" data-e-type=\"widget\" data-settings=\"{&quot;step_next_label&quot;:&quot;Next&quot;,&quot;step_previous_label&quot;:&quot;Previous&quot;,&quot;_animation&quot;:&quot;fadeInRight&quot;,&quot;button_width&quot;:&quot;100&quot;,&quot;step_type&quot;:&quot;number_text&quot;,&quot;step_icon_shape&quot;:&quot;circle&quot;}\" data-widget_type=\"form.default\">\n\t\t\t\t<div class=\"elementor-widget-container\">\n\t\t\t\t\t\t\t<form class=\"elementor-form\" method=\"post\" name=\"Contact Form\" aria-label=\"Contact Form\">\n\t\t\t<input type=\"hidden\" name=\"post_id\" value=\"334\"\/>\n\t\t\t<input type=\"hidden\" name=\"form_id\" value=\"1c64cef4\"\/>\n\t\t\t<input type=\"hidden\" name=\"referer_title\" value=\"Contact - Roxrenov\" \/>\n\n\t\t\t\t\t\t\t<input type=\"hidden\" name=\"queried_id\" value=\"334\"\/>\n\t\t\t\n\t\t\t<div class=\"elementor-form-fields-wrapper elementor-labels-above\">\n\t\t\t\t\t\t\t\t<div class=\"elementor-field-type-text elementor-field-group elementor-column elementor-field-group-name elementor-col-50 elementor-field-required\">\n\t\t\t\t\t\t\t\t\t\t\t\t<label for=\"form-field-name\" class=\"elementor-field-label\">\n\t\t\t\t\t\t\t\tNom\t\t\t\t\t\t\t<\/label>\n\t\t\t\t\t\t\t\t\t\t\t\t\t\t<input size=\"1\" type=\"text\" name=\"form_fields[name]\" id=\"form-field-name\" class=\"elementor-field elementor-size-sm  elementor-field-textual\" placeholder=\"Votre Nom\" required=\"required\">\n\t\t\t\t\t\t\t\t\t\t\t<\/div>\n\t\t\t\t\t\t\t\t<div class=\"elementor-field-type-text elementor-field-group elementor-column elementor-field-group-field_b743cd7 elementor-col-50 elementor-field-required\">\n\t\t\t\t\t\t\t\t\t\t\t\t<label for=\"form-field-field_b743cd7\" class=\"elementor-field-label\">\n\t\t\t\t\t\t\t\tPr\u00e9nom\t\t\t\t\t\t\t<\/label>\n\t\t\t\t\t\t\t\t\t\t\t\t\t\t<input size=\"1\" type=\"text\" name=\"form_fields[field_b743cd7]\" id=\"form-field-field_b743cd7\" class=\"elementor-field elementor-size-sm  elementor-field-textual\" placeholder=\"Votre Pr\u00e9nom\" required=\"required\">\n\t\t\t\t\t\t\t\t\t\t\t<\/div>\n\t\t\t\t\t\t\t\t<div class=\"elementor-field-type-tel elementor-field-group elementor-column elementor-field-group-field_6c180a9 elementor-col-50 elementor-field-required\">\n\t\t\t\t\t\t\t\t\t\t\t\t<label for=\"form-field-field_6c180a9\" class=\"elementor-field-label\">\n\t\t\t\t\t\t\t\tNum\u00e9ro de t\u00e9l\u00e9phone\t\t\t\t\t\t\t<\/label>\n\t\t\t\t\t\t\t\t<input size=\"1\" type=\"tel\" name=\"form_fields[field_6c180a9]\" id=\"form-field-field_6c180a9\" class=\"elementor-field elementor-size-sm  elementor-field-textual\" placeholder=\"Votre Num\u00e9ro De T\u00e9l\u00e9phone*\" required=\"required\" pattern=\"[0-9()#&amp;+*-=.]+\" title=\"Seuls les caract\u00e8res de num\u00e9ros de t\u00e9l\u00e9phone (#, -, *, etc.) sont accept\u00e9s.\">\n\n\t\t\t\t\t\t<\/div>\n\t\t\t\t\t\t\t\t<div class=\"elementor-field-type-email elementor-field-group elementor-column elementor-field-group-email elementor-col-50 elementor-field-required\">\n\t\t\t\t\t\t\t\t\t\t\t\t<label for=\"form-field-email\" class=\"elementor-field-label\">\n\t\t\t\t\t\t\t\tEmail\t\t\t\t\t\t\t<\/label>\n\t\t\t\t\t\t\t\t\t\t\t\t\t\t<input size=\"1\" type=\"email\" name=\"form_fields[email]\" id=\"form-field-email\" class=\"elementor-field elementor-size-sm  elementor-field-textual\" placeholder=\"Votre Email*\" required=\"required\">\n\t\t\t\t\t\t\t\t\t\t\t<\/div>\n\t\t\t\t\t\t\t\t<div class=\"elementor-field-type-text elementor-field-group elementor-column elementor-field-group-field_1960413 elementor-col-100 elementor-field-required\">\n\t\t\t\t\t\t\t\t\t\t\t\t<label for=\"form-field-field_1960413\" class=\"elementor-field-label\">\n\t\t\t\t\t\t\t\tAdresse \t\t\t\t\t\t\t<\/label>\n\t\t\t\t\t\t\t\t\t\t\t\t\t\t<input size=\"1\" type=\"text\" name=\"form_fields[field_1960413]\" id=\"form-field-field_1960413\" class=\"elementor-field elementor-size-sm  elementor-field-textual\" placeholder=\"Votre Adresse*\" required=\"required\">\n\t\t\t\t\t\t\t\t\t\t\t<\/div>\n\t\t\t\t\t\t\t\t<div class=\"elementor-field-type-checkbox elementor-field-group elementor-column elementor-field-group-field_0c1f6e2 elementor-col-100\">\n\t\t\t\t\t\t\t\t\t\t\t\t<label for=\"form-field-field_0c1f6e2\" class=\"elementor-field-label\">\n\t\t\t\t\t\t\t\tObjet de votre demande\t\t\t\t\t\t\t<\/label>\n\t\t\t\t\t\t<div class=\"elementor-field-subgroup  \"><span class=\"elementor-field-option\"><input type=\"checkbox\" value=\"Peinture\" id=\"form-field-field_0c1f6e2-0\" name=\"form_fields[field_0c1f6e2][]\"> <label for=\"form-field-field_0c1f6e2-0\">Peinture<\/label><\/span><span class=\"elementor-field-option\"><input type=\"checkbox\" value=\"R\u00e9novation \" id=\"form-field-field_0c1f6e2-1\" name=\"form_fields[field_0c1f6e2][]\"> <label for=\"form-field-field_0c1f6e2-1\">R\u00e9novation <\/label><\/span><span class=\"elementor-field-option\"><input type=\"checkbox\" value=\"Remise en \u00e9tat - D\u00e9g\u00e2ts des eaux\" id=\"form-field-field_0c1f6e2-2\" name=\"form_fields[field_0c1f6e2][]\"> <label for=\"form-field-field_0c1f6e2-2\">Remise en \u00e9tat - D\u00e9g\u00e2ts des eaux<\/label><\/span><span class=\"elementor-field-option\"><input type=\"checkbox\" value=\"D\u00e9coration - Fresque personnalis\u00e9e \" id=\"form-field-field_0c1f6e2-3\" name=\"form_fields[field_0c1f6e2][]\"> <label for=\"form-field-field_0c1f6e2-3\">D\u00e9coration - Fresque personnalis\u00e9e <\/label><\/span><span class=\"elementor-field-option\"><input type=\"checkbox\" value=\"Rev\u00eatement sol\" id=\"form-field-field_0c1f6e2-4\" name=\"form_fields[field_0c1f6e2][]\"> <label for=\"form-field-field_0c1f6e2-4\">Rev\u00eatement sol<\/label><\/span><span class=\"elementor-field-option\"><input type=\"checkbox\" value=\"Rev\u00eatement mur\" id=\"form-field-field_0c1f6e2-5\" name=\"form_fields[field_0c1f6e2][]\"> <label for=\"form-field-field_0c1f6e2-5\">Rev\u00eatement mur<\/label><\/span><span class=\"elementor-field-option\"><input type=\"checkbox\" value=\"Mati\u00e9rage d\u00e9coratif \" id=\"form-field-field_0c1f6e2-6\" name=\"form_fields[field_0c1f6e2][]\"> <label for=\"form-field-field_0c1f6e2-6\">Mati\u00e9rage d\u00e9coratif <\/label><\/span><\/div>\t\t\t\t<\/div>\n\t\t\t\t\t\t\t\t<div class=\"elementor-field-type-textarea elementor-field-group elementor-column elementor-field-group-message elementor-col-100\">\n\t\t\t\t\t\t\t\t\t\t\t\t<label for=\"form-field-message\" class=\"elementor-field-label\">\n\t\t\t\t\t\t\t\tVotre demande\t\t\t\t\t\t\t<\/label>\n\t\t\t\t\t\t<textarea class=\"elementor-field-textual elementor-field  elementor-size-sm\" name=\"form_fields[message]\" id=\"form-field-message\" rows=\"4\" placeholder=\"D\u00e9crivez votre demande en quelques mots\"><\/textarea>\t\t\t\t<\/div>\n\t\t\t\t\t\t\t\t<div class=\"elementor-field-group elementor-column elementor-field-type-submit elementor-col-100 e-form__buttons\">\n\t\t\t\t\t<button class=\"elementor-button elementor-size-sm\" type=\"submit\">\n\t\t\t\t\t\t<span class=\"elementor-button-content-wrapper\">\n\t\t\t\t\t\t\t\t\t\t\t\t\t\t\t\t\t\t\t\t\t\t<span class=\"elementor-button-text\">Envoyer<\/span>\n\t\t\t\t\t\t\t\t\t\t\t\t\t<\/span>\n\t\t\t\t\t<\/button>\n\t\t\t\t<\/div>\n\t\t\t<\/div>\n\t\t<\/form>\n\t\t\t\t\t\t<\/div>\n\t\t\t\t<\/div>\n\t\t\t\t<\/div>\n\t\t\t\t<\/div>\n\t\t<div class=\"elementor-element elementor-element-ec2a43b e-flex e-con-boxed e-con e-parent\" data-id=\"ec2a43b\" data-element_type=\"container\" data-e-type=\"container\">\n\t\t\t\t\t<div class=\"e-con-inner\">\n\t\t<div class=\"elementor-element elementor-element-9e883fe e-con-full e-flex e-con e-child\" data-id=\"9e883fe\" data-element_type=\"container\" data-e-type=\"container\">\n\t\t\t\t<div class=\"elementor-element elementor-element-68baf0f elementor-view-default elementor-position-block-start elementor-mobile-position-block-start elementor-widget elementor-widget-icon-box\" data-id=\"68baf0f\" data-element_type=\"widget\" data-e-type=\"widget\" data-widget_type=\"icon-box.default\">\n\t\t\t\t<div class=\"elementor-widget-container\">\n\t\t\t\t\t\t\t<div class=\"elementor-icon-box-wrapper\">\n\n\t\t\t\t\t\t<div class=\"elementor-icon-box-icon\">\n\t\t\t\t<span  class=\"elementor-icon\">\n\t\t\t\t<i aria-hidden=\"true\" class=\"icon icon-clock2\"><\/i>\t\t\t\t<\/span>\n\t\t\t<\/div>\n\t\t\t\n\t\t\t\t\t\t<div class=\"elementor-icon-box-content\">\n\n\t\t\t\t\n\t\t\t\t\t\t\t\t\t<p class=\"elementor-icon-box-description\">\n\t\t\t\t\t\t<span style=\"font-family: Poppins, sans-serif\">Lundi au Dimanche de 10h30 \u00e0 19h30<\/span>\t\t\t\t\t<\/p>\n\t\t\t\t\n\t\t\t<\/div>\n\t\t\t\n\t\t<\/div>\n\t\t\t\t\t\t<\/div>\n\t\t\t\t<\/div>\n\t\t\t\t<\/div>\n\t\t<div class=\"elementor-element elementor-element-5a491e5 e-con-full e-flex e-con e-child\" data-id=\"5a491e5\" data-element_type=\"container\" data-e-type=\"container\">\n\t\t\t\t<div class=\"elementor-element elementor-element-8e44619 elementor-view-default elementor-position-block-start elementor-mobile-position-block-start elementor-widget elementor-widget-icon-box\" data-id=\"8e44619\" data-element_type=\"widget\" data-e-type=\"widget\" data-widget_type=\"icon-box.default\">\n\t\t\t\t<div class=\"elementor-widget-container\">\n\t\t\t\t\t\t\t<div class=\"elementor-icon-box-wrapper\">\n\n\t\t\t\t\t\t<div class=\"elementor-icon-box-icon\">\n\t\t\t\t<span  class=\"elementor-icon\">\n\t\t\t\t<i aria-hidden=\"true\" class=\"icon icon-contact\"><\/i>\t\t\t\t<\/span>\n\t\t\t<\/div>\n\t\t\t\n\t\t\t\t\t\t<div class=\"elementor-icon-box-content\">\n\n\t\t\t\t\n\t\t\t\t\t\t\t\t\t<p class=\"elementor-icon-box-description\">\n\t\t\t\t\t\tcontact@roxrenov.com\t\t\t\t\t<\/p>\n\t\t\t\t\n\t\t\t<\/div>\n\t\t\t\n\t\t<\/div>\n\t\t\t\t\t\t<\/div>\n\t\t\t\t<\/div>\n\t\t\t\t<\/div>\n\t\t<div class=\"elementor-element elementor-element-28c71fd e-con-full e-flex e-con e-child\" data-id=\"28c71fd\" data-element_type=\"container\" data-e-type=\"container\">\n\t\t\t\t<div class=\"elementor-element elementor-element-a7d792b elementor-view-default elementor-position-block-start elementor-mobile-position-block-start elementor-widget elementor-widget-icon-box\" data-id=\"a7d792b\" data-element_type=\"widget\" data-e-type=\"widget\" data-widget_type=\"icon-box.default\">\n\t\t\t\t<div class=\"elementor-widget-container\">\n\t\t\t\t\t\t\t<div class=\"elementor-icon-box-wrapper\">\n\n\t\t\t\t\t\t<div class=\"elementor-icon-box-icon\">\n\t\t\t\t<span  class=\"elementor-icon\">\n\t\t\t\t<i aria-hidden=\"true\" class=\"icon icon-phone-handset\"><\/i>\t\t\t\t<\/span>\n\t\t\t<\/div>\n\t\t\t\n\t\t\t\t\t\t<div class=\"elementor-icon-box-content\">\n\n\t\t\t\t\n\t\t\t\t\t\t\t\t\t<p class=\"elementor-icon-box-description\">\n\t\t\t\t\t\t06 26 31 20 45\t\t\t\t\t<\/p>\n\t\t\t\t\n\t\t\t<\/div>\n\t\t\t\n\t\t<\/div>\n\t\t\t\t\t\t<\/div>\n\t\t\t\t<\/div>\n\t\t\t\t<\/div>\n\t\t\t\t\t<\/div>\n\t\t\t\t<\/div>\n\t\t<div class=\"elementor-element elementor-element-3fc6023 e-flex e-con-boxed e-con e-parent\" data-id=\"3fc6023\" data-element_type=\"container\" data-e-type=\"container\">\n\t\t\t\t\t<div class=\"e-con-inner\">\n\t\t\t\t<div class=\"elementor-element elementor-element-5c1310b elementor-widget elementor-widget-spacer\" data-id=\"5c1310b\" data-element_type=\"widget\" data-e-type=\"widget\" data-widget_type=\"spacer.default\">\n\t\t\t\t<div class=\"elementor-widget-container\">\n\t\t\t\t\t\t\t<div class=\"elementor-spacer\">\n\t\t\t<div class=\"elementor-spacer-inner\"><\/div>\n\t\t<\/div>\n\t\t\t\t\t\t<\/div>\n\t\t\t\t<\/div>\n\t\t\t\t\t<\/div>\n\t\t\t\t<\/div>\n\t\t\t\t<\/div>\n\t\t","protected":false},"excerpt":{"rendered":"<p>Contactez Roxrenov Pour plus d\u2019informations sur nos services et un devis gratuit, n\u2019h\u00e9sitez pas \u00e0 nous contacter. Lundi au Dimanche de 10h30 \u00e0 19h30 contact@roxrenov.com 06 26 31 20 45<\/p>\n","protected":false},"author":1,"featured_media":0,"parent":0,"menu_order":0,"comment_status":"closed","ping_status":"closed","template":"elementor_canvas","meta":{"footnotes":""},"class_list":["post-334","page","type-page","status-publish","hentry"],"yoast_head":"<!-- This site is optimized with the Yoast SEO plugin v27.4 - https:\/\/yoast.com\/product\/yoast-seo-wordpress\/ -->\n<title>Contact - Roxrenov<\/title>\n<meta name=\"robots\" content=\"index, follow, max-snippet:-1, max-image-preview:large, max-video-preview:-1\" \/>\n<link rel=\"canonical\" href=\"https:\/\/roxrenov.com\/index.php\/contact\/\" \/>\n<meta property=\"og:locale\" content=\"fr_FR\" \/>\n<meta property=\"og:type\" content=\"article\" \/>\n<meta property=\"og:title\" content=\"Contact - Roxrenov\" \/>\n<meta property=\"og:description\" content=\"Contactez Roxrenov Pour plus d\u2019informations sur nos services et un devis gratuit, n\u2019h\u00e9sitez pas \u00e0 nous contacter. Lundi au Dimanche de 10h30 \u00e0 19h30 contact@roxrenov.com 06 26 31 20 45\" \/>\n<meta property=\"og:url\" content=\"https:\/\/roxrenov.com\/index.php\/contact\/\" \/>\n<meta property=\"og:site_name\" content=\"Roxrenov\" \/>\n<meta property=\"article:publisher\" content=\"https:\/\/www.facebook.com\/www.roxrenov18.fr\/\" \/>\n<meta property=\"article:modified_time\" content=\"2024-04-29T17:16:57+00:00\" \/>\n<meta name=\"twitter:card\" content=\"summary_large_image\" \/>\n<meta name=\"twitter:label1\" content=\"Dur\u00e9e de lecture estim\u00e9e\" \/>\n\t<meta name=\"twitter:data1\" content=\"1 minute\" \/>\n<script type=\"application\/ld+json\" class=\"yoast-schema-graph\">{\"@context\":\"https:\\\/\\\/schema.org\",\"@graph\":[{\"@type\":\"WebPage\",\"@id\":\"https:\\\/\\\/roxrenov.com\\\/index.php\\\/contact\\\/\",\"url\":\"https:\\\/\\\/roxrenov.com\\\/index.php\\\/contact\\\/\",\"name\":\"Contact - Roxrenov\",\"isPartOf\":{\"@id\":\"https:\\\/\\\/roxrenov.com\\\/#website\"},\"datePublished\":\"2024-03-21T19:22:20+00:00\",\"dateModified\":\"2024-04-29T17:16:57+00:00\",\"breadcrumb\":{\"@id\":\"https:\\\/\\\/roxrenov.com\\\/index.php\\\/contact\\\/#breadcrumb\"},\"inLanguage\":\"fr-FR\",\"potentialAction\":[{\"@type\":\"ReadAction\",\"target\":[\"https:\\\/\\\/roxrenov.com\\\/index.php\\\/contact\\\/\"]}]},{\"@type\":\"BreadcrumbList\",\"@id\":\"https:\\\/\\\/roxrenov.com\\\/index.php\\\/contact\\\/#breadcrumb\",\"itemListElement\":[{\"@type\":\"ListItem\",\"position\":1,\"name\":\"Accueil\",\"item\":\"https:\\\/\\\/roxrenov.com\\\/\"},{\"@type\":\"ListItem\",\"position\":2,\"name\":\"Contact\"}]},{\"@type\":\"WebSite\",\"@id\":\"https:\\\/\\\/roxrenov.com\\\/#website\",\"url\":\"https:\\\/\\\/roxrenov.com\\\/\",\"name\":\"Roxrenov\",\"description\":\"Entreprise de r\u00e9novation\",\"publisher\":{\"@id\":\"https:\\\/\\\/roxrenov.com\\\/#organization\"},\"potentialAction\":[{\"@type\":\"SearchAction\",\"target\":{\"@type\":\"EntryPoint\",\"urlTemplate\":\"https:\\\/\\\/roxrenov.com\\\/?s={search_term_string}\"},\"query-input\":{\"@type\":\"PropertyValueSpecification\",\"valueRequired\":true,\"valueName\":\"search_term_string\"}}],\"inLanguage\":\"fr-FR\"},{\"@type\":\"Organization\",\"@id\":\"https:\\\/\\\/roxrenov.com\\\/#organization\",\"name\":\"Roxrenov\",\"url\":\"https:\\\/\\\/roxrenov.com\\\/\",\"logo\":{\"@type\":\"ImageObject\",\"inLanguage\":\"fr-FR\",\"@id\":\"https:\\\/\\\/roxrenov.com\\\/#\\\/schema\\\/logo\\\/image\\\/\",\"url\":\"https:\\\/\\\/roxrenov.com\\\/wp-content\\\/uploads\\\/2024\\\/03\\\/LOGO-horizontale-1-2.png\",\"contentUrl\":\"https:\\\/\\\/roxrenov.com\\\/wp-content\\\/uploads\\\/2024\\\/03\\\/LOGO-horizontale-1-2.png\",\"width\":6342,\"height\":1090,\"caption\":\"Roxrenov\"},\"image\":{\"@id\":\"https:\\\/\\\/roxrenov.com\\\/#\\\/schema\\\/logo\\\/image\\\/\"},\"sameAs\":[\"https:\\\/\\\/www.facebook.com\\\/www.roxrenov18.fr\\\/\",\"https:\\\/\\\/www.instagram.com\\\/roxrenov\\\/\",\"https:\\\/\\\/fr.linkedin.com\\\/in\\\/roxrenov-christophe-loiseau-a721322b9\"]}]}<\/script>\n<!-- \/ Yoast SEO plugin. -->","yoast_head_json":{"title":"Contact - Roxrenov","robots":{"index":"index","follow":"follow","max-snippet":"max-snippet:-1","max-image-preview":"max-image-preview:large","max-video-preview":"max-video-preview:-1"},"canonical":"https:\/\/roxrenov.com\/index.php\/contact\/","og_locale":"fr_FR","og_type":"article","og_title":"Contact - Roxrenov","og_description":"Contactez Roxrenov Pour plus d\u2019informations sur nos services et un devis gratuit, n\u2019h\u00e9sitez pas \u00e0 nous contacter. Lundi au Dimanche de 10h30 \u00e0 19h30 contact@roxrenov.com 06 26 31 20 45","og_url":"https:\/\/roxrenov.com\/index.php\/contact\/","og_site_name":"Roxrenov","article_publisher":"https:\/\/www.facebook.com\/www.roxrenov18.fr\/","article_modified_time":"2024-04-29T17:16:57+00:00","twitter_card":"summary_large_image","twitter_misc":{"Dur\u00e9e de lecture estim\u00e9e":"1 minute"},"schema":{"@context":"https:\/\/schema.org","@graph":[{"@type":"WebPage","@id":"https:\/\/roxrenov.com\/index.php\/contact\/","url":"https:\/\/roxrenov.com\/index.php\/contact\/","name":"Contact - Roxrenov","isPartOf":{"@id":"https:\/\/roxrenov.com\/#website"},"datePublished":"2024-03-21T19:22:20+00:00","dateModified":"2024-04-29T17:16:57+00:00","breadcrumb":{"@id":"https:\/\/roxrenov.com\/index.php\/contact\/#breadcrumb"},"inLanguage":"fr-FR","potentialAction":[{"@type":"ReadAction","target":["https:\/\/roxrenov.com\/index.php\/contact\/"]}]},{"@type":"BreadcrumbList","@id":"https:\/\/roxrenov.com\/index.php\/contact\/#breadcrumb","itemListElement":[{"@type":"ListItem","position":1,"name":"Accueil","item":"https:\/\/roxrenov.com\/"},{"@type":"ListItem","position":2,"name":"Contact"}]},{"@type":"WebSite","@id":"https:\/\/roxrenov.com\/#website","url":"https:\/\/roxrenov.com\/","name":"Roxrenov","description":"Entreprise de r\u00e9novation","publisher":{"@id":"https:\/\/roxrenov.com\/#organization"},"potentialAction":[{"@type":"SearchAction","target":{"@type":"EntryPoint","urlTemplate":"https:\/\/roxrenov.com\/?s={search_term_string}"},"query-input":{"@type":"PropertyValueSpecification","valueRequired":true,"valueName":"search_term_string"}}],"inLanguage":"fr-FR"},{"@type":"Organization","@id":"https:\/\/roxrenov.com\/#organization","name":"Roxrenov","url":"https:\/\/roxrenov.com\/","logo":{"@type":"ImageObject","inLanguage":"fr-FR","@id":"https:\/\/roxrenov.com\/#\/schema\/logo\/image\/","url":"https:\/\/roxrenov.com\/wp-content\/uploads\/2024\/03\/LOGO-horizontale-1-2.png","contentUrl":"https:\/\/roxrenov.com\/wp-content\/uploads\/2024\/03\/LOGO-horizontale-1-2.png","width":6342,"height":1090,"caption":"Roxrenov"},"image":{"@id":"https:\/\/roxrenov.com\/#\/schema\/logo\/image\/"},"sameAs":["https:\/\/www.facebook.com\/www.roxrenov18.fr\/","https:\/\/www.instagram.com\/roxrenov\/","https:\/\/fr.linkedin.com\/in\/roxrenov-christophe-loiseau-a721322b9"]}]}},"_links":{"self":[{"href":"https:\/\/roxrenov.com\/index.php\/wp-json\/wp\/v2\/pages\/334","targetHints":{"allow":["GET"]}}],"collection":[{"href":"https:\/\/roxrenov.com\/index.php\/wp-json\/wp\/v2\/pages"}],"about":[{"href":"https:\/\/roxrenov.com\/index.php\/wp-json\/wp\/v2\/types\/page"}],"author":[{"embeddable":true,"href":"https:\/\/roxrenov.com\/index.php\/wp-json\/wp\/v2\/users\/1"}],"replies":[{"embeddable":true,"href":"https:\/\/roxrenov.com\/index.php\/wp-json\/wp\/v2\/comments?post=334"}],"version-history":[{"count":127,"href":"https:\/\/roxrenov.com\/index.php\/wp-json\/wp\/v2\/pages\/334\/revisions"}],"predecessor-version":[{"id":2398,"href":"https:\/\/roxrenov.com\/index.php\/wp-json\/wp\/v2\/pages\/334\/revisions\/2398"}],"wp:attachment":[{"href":"https:\/\/roxrenov.com\/index.php\/wp-json\/wp\/v2\/media?parent=334"}],"curies":[{"name":"wp","href":"https:\/\/api.w.org\/{rel}","templated":true}]}}